Suppose 3*l - 7 - 5 = 0. Let h = 80 + -62. What is the remainder when 34 is divided by (l - 3)*h*1?
16
Let b(f) = 29 + 12*f**2 + 16 - 11*f - 31. Calculate the remainder when b(3) is divided by 23.
20
Suppose 8 = v - 5*d, -5*d = 3*v + 2*v - 160. Suppose 198 = -22*s + v*s. Calculate the remainder when s is divided by 24.
9
Suppose 0*t + n = 5*t - 73, 2*t = -n + 32. Let q = t + -10. What is the remainder when 57 is divided by q?
2
Suppose -7*j - 36 = -8*j - 4*q, -2*q = -3*j + 150. Calculate the remainder when 154 is divided by j.
10
Let v = 11 + -11. Suppose 2*s + 2 - 10 = v. Calculate the remainder when 14 is divided by s.
2
Let u(k) = k - 1. Let c be (-80)/28*21/(-6). Calculate the remainder when 0/1 + (-1 - -26) is divided by u(c).
7
Suppose 156 = -3*p + p. Suppose 2*o - 37 = -j, -5*j - 117 = -8*j - 4*o. Let n = j - p. Calculate the remainder when n is divided by 31.
28
Suppose 0 = 59*h - 3198 - 637. Calculate the remainder when h is divided by 54.
11
Let p be (-4)/30 - 58/15. Let q be 4*2/p - -2. What is the remainder when 24*(10/3 - q) is divided by 27?
26
Let i = 94 + -63. Let a(f) = 6*f**2 + 13*f + 15. What is the remainder when a(-6) is divided by i?
29
Suppose -5*y = 2*o - 186, o - 5*o - 122 = -3*y. Suppose 0*z = 2*z - y. Suppose -156 = 15*j - z*j. Calculate the remainder when j is divided by 20.
19
Suppose 2*y = -0*c - 2*c + 6, -5*y + 4*c + 42 = 0. Suppose -9*v + y*v = -27. What is the remainder when 14 is divided by v?
5
Suppose -j + 304 = 4*n, -2*j + 761 = -2*n + 113. Suppose 0*g = 2*g - j. Suppose 6*i = i + g. Calculate the remainder when 127 is divided by i.
31
Suppose -178 = 4*c - 466. Let x = c + -54. Suppose 0*t = -4*t + u + 206, 5*u = -4*t + 218. What is the remainder when t is divided by x?
16
Let b = 226 - 95. What is the remainder when b is divided by 15?
11
Let n = 309 - 91. What is the remainder when n is divided by 59?
41
Suppose g - 63 = -21. Let d be (-3 + 3 + 0)/((-8)/(-2)). Suppose -s + 0*s = 2*x - 30, 2*x - 8 = d. What is the remainder when g is divided by s?
20
Let w = 688 - 578. Calculate the remainder when w is divided by 54.
2
Suppose 0 = -2*l - 3*o + 32, l + 5*o - 19 = 11. Let n = l + 51. Calculate the remainder when n is divided by 16.
13
Let w(q) = 17*q - 3. Let u be w(2). Suppose 11 = -5*m + u. Calculate the remainder when 5 is divided by m.
1
Let d(h) be the second derivative of h**3/6 + 3*h**2 - 3*h. What is the remainder when 4 is divided by d(-3)?
1
Let u(a) = -14*a - 2. Let v be u(2). Calculate the remainder when (-8)/6*v/10 is divided by (4/(-6))/(2/(-6)).
0
Suppose -o - 112 = -3*o. Suppose z - 54 = -0*w - w, -3*z = w - o. Suppose -m = -4*m + 54. What is the remainder when w is divided by m?
17
Let a = -685 + 2111. Calculate the remainder when a is divided by 42.
40
Let i = 11 - 5. Suppose -z = 5*h + 2*z - 30, 3*z + i = -h. Suppose 14 = r - h. Calculate the remainder when r is divided by 6.
5
Suppose 5*d - 2 = -3*r + 4*r, -10 = -2*d. Calculate the remainder when r is divided by -1*(-75)/9*(-99)/(-55).
8
Let t be ((-3 - -4) + -1)/(-3). Suppose 5*o = -t*o + 30. Suppose -20 = 2*g - o*g. What is the remainder when 8 is divided by g?
3
What is the remainder when 477 is divided by (2/4 - (-4 - -5))*-48?
21
Suppose -46*s + 54*s = 392. Calculate the remainder when s is divided by 46.
3
Let o = -105 + 151. Suppose -2*b = -o - 44. Suppose -25 = 7*f - 109. What is the remainder when b is divided by f?
9
Suppose -29*b + 25*b = -184. Suppose -u + 4*u - 37 = -q, -4*u = -2*q - b. Calculate the remainder when 358/8 - 1/(-4) is divided by u.
9
Let c = 18 - -16. Suppose d = 2*d - c. What is the remainder when d is divided by 9?
7
Suppose 5*h - 5 = 0, -38 = -5*z + 2*h + 40. What is the remainder when 45 is divided by z?
13
Suppose -73 = -9*p + 7*p + 3*t, 3*p + 5*t = 100. Suppose 0 = -4*j + 6*j - 206. What is the remainder when j is divided by p?
33
Let k(d) = -5*d**2 - d + d**2 + 15*d**2. Calculate the remainder when k(1) is divided by 7.
3
Let r(o) = -3*o**2 + 169*o - 202. Calculate the remainder when r(49) is divided by 80.
76
What is the remainder when 38946/50 - (-74)/925 is divided by 12?
11
Suppose -5*v = -97 - 38. Suppose 67*m + 13*m - 640 = 0. Calculate the remainder when v is divided by m.
3
What is the remainder when 517 is divided by 12936/224 + 1 + (-9)/12?
53
Suppose c = 19 - 8. Let f(v) = v**2 - 5*v - 8. Calculate the remainder when f(10) is divided by c.
9
Suppose -4*t - 5*h - 13 + 3 = 0, 4 = 2*t - 2*h. Suppose t*v + 3*v = 120. What is the remainder when v is divided by (-3 - -5) + (12 - 0)?
12
Let l = 44 - -1. Suppose -4*n + 0*n = -8. Let b = 14 + n. What is the remainder when l is divided by b?
13
Suppose 2*d - d - 5*x = -10, -3*d + 20 = -5*x. Suppose -i = 32*h - 35*h - 71, 2*i - 4*h = 144. What is the remainder when i is divided by d?
14
Let t(z) = -4*z - 4*z + 10*z**2 + 1 + 0*z - 9*z**2. What is the remainder when 39 is divided by t(10)?
18
Suppose 972 = 2*z - t + 323, 2*z + 3*t - 653 = 0. What is the remainder when z is divided by 41?
38
What is the remainder when ((-100)/(-6))/(3*6/54) is divided by 18?
14
Let u = 140 - 136. Suppose 20 = -2*s + 4*s + 2*b, u*b = 5*s - 68. Calculate the remainder when (6 + 0)/((-2)/(-7)) is divided by s.
9
Let u be 10/(-20)*(-1 + 1). Let y be 1 - (-1 - u - -2). Suppose -18 = -y*z - z. Calculate the remainder when z is divided by 7.
4
Suppose 91 = 4*t - 1. Suppose -18*w = 37 - 271. Calculate the remainder when t is divided by w.
10
What is the remainder when 81 is divided by (2/((-8)/9))/((-12)/96)?
9
Let f(i) be the first derivative of i**2 - 12*i - 8. Let v be f(-10). Calculate the remainder when ((-60)/(-16))/((-3)/v) is divided by 7.
5
Suppose 2 = 4*l + 4*a - 38, -a - 30 = -3*l. Suppose p + 153 = l*p. Let q(g) = g**3 - 18*g**2 + 18*g + 3. Calculate the remainder when 39 is divided by q(p).
19
Suppose -2*s + 299 = 5*d, -3*s + 462 = -9*d + 12*d. What is the remainder when s is divided by 16?
13
Suppose h + 11 = -0*h. Let z = h - -17. Let n(p) = -3*p + 7. Calculate the remainder when n(-7) is divided by z.
4
Suppose 28*v = 39 + 45. What is the remainder when 29 is divided by v?
2
Let l(i) = -i**2 - 10*i + 30. Suppose -85 = -2*r + 19. Calculate the remainder when r is divided by l(-11).
14
Let k be 12 - ((-13)/(-5) - (-14)/35). Calculate the remainder when 83 is divided by 762/(-54)*-2 + (-2)/k.
27
Calculate the remainder when 146 is divided by 14/(-9) - -2 - 12597/(-513).
21
Suppose -15*a = -363 - 957. What is the remainder when a is divided by 18?
16
Let n(q) = -661*q - 351. Calculate the remainder when n(-2) is divided by 39.
35
Suppose -19 = -d - 2. Let x = 379 + -369. Calculate the remainder when d is divided by x.
7
Let v be 2*6*(-62)/(-8). Let r = -48 + v. Calculate the remainder when r is divided by 16.
13
Let k = 3243 - 950. Calculate the remainder when k is divided by 135.
133
Suppose 2438 = 6*j - 1642. Calculate the remainder when j is divided by 22.
20
Suppose q - 62 = -2*a, -5*a + 155 = 3*q - 5*q. Calculate the remainder when 41 is divided by a.
10
Let g(w) = -w**2 - 7*w - 7. Let o be g(-6). What is the remainder when (-1)/((-2)/21*7)*190/3 is divided by (-1)/o*(-72)/(-3)?
23
Let i = -52 + 62. Suppose 0 = -c + i + 1. Calculate the remainder when 21 is divided by c.
10
Suppose 2*k - 2 = -t, -6*k = -2*k - 8. Suppose -13*a - 20 = -23*a. What is the remainder when 15 is divided by t/a - (-9)/1?
7
Let b(j) = -2*j + 24. Let g be b(11). Suppose 2*f - 7 - 23 = g*v, -75 = -5*f - 5*v. Calculate the remainder when 118 is divided by f.
13
Let r = -426 + 490. Calculate the remainder when 187 is divided by r.
59
Let j(p) = -p**2 - 10*p + 18. Let o be j(-14). Let b = o - -72. Suppose -3*u + u + b = 0. Calculate the remainder when 49 is divided by u.
15
Let a = 171 - 162. Calculate the remainder when 143 is divided by a.
8
Let r(h) = 2*h**2 + 37*h + 191. Suppose 3*q + 3*z = -0*z + 741, -4*z = -4*q + 956. Calculate the remainder when q is divided by r(-6).
38
Suppose 0 = -3*k - 4*f + 19, -2*f + 21 = k + 3*f. Suppose 4*g = -7 - k. What is the remainder when -2 + (-76 + -2)/g is divided by 13?
11
Suppose -5*z + 109 = -201. Calculate the remainder when 554 is divided by z.
58
Let x(d) = d**3 + 2*d**2 - 3*d + 3. Let o be x(-3). Suppose j = -3*j + 92. What is the remainder wh